What is the hundred millions digit of 6430539992?
4
What is the thousands digit of 1677740854?
0
What is the millions digit of 51488613?
1
What is the thousands digit of 706039248?
9
What is the units digit of 46056610?
0
What is the millions digit of 177884346?
7
What is the millions digit of 47820602?
7
What is the thousands digit of 26624040?
4
What is the hundreds digit of 28445123?
1
What is the hundred thousands digit of 36779383?
7
What is the hundreds digit of 3792210299?
2
What is the thousands digit of 22100806?
0
What is the thousands digit of 97772134?
2
What is the billions digit of 4231731614?
4
What is the hundred millions digit of 681862161?
6
What is the ten thousands digit of 390201371?
0
What is the units digit of 205724535?
5
What is the hundred millions digit of 968388831?
9
What is the thousands digit of 335830109?
0
What is the units digit of 1908020702?
2
What is the hundred thousands digit of 18251246?
2
What is the hundred millions digit of 2978780079?
9
What is the hundred millions digit of 1930505355?
9
What is the hundred thousands digit of 228198197?
1
What is the ten millions digit of 325628644?
2
What is the ten millions digit of 232175974?
3
What is the hundred thousands digit of 1005811801?
8
What is the hundred millions digit of 273880890?
2
What is the millions digit of 540643355?
0
What is the ten thousands digit of 363027398?
2
What is the units digit of 913764660?
0
What is the hundred thousands digit of 155363162?
3
What is the ten thousands digit of 1588349241?
4
What is the tens digit of 989552332?
3
What is the thousands digit of 488801353?
1
What is the ten millions digit of 43689138?
4
What is the ten thousands digit of 86495151?
9
What is the ten thousands digit of 382510295?
1
What is the ten millions digit of 5953402399?
5
What is the thousands digit of 2589232998?
2
What is the ten thousands digit of 705155366?
5
What is the tens digit of 493106561?
6
What is the ten millions digit of 47901502?
4
What is the thousands digit of 102277489?
7
What is the hundred thousands digit of 53073957?
0
What is the hundreds digit of 170254875?
8
What is the ten millions digit of 385216905?
8
What is the billions digit of 1855594500?
1
What is the units digit of 89735505?
5
What is the units digit of 164933286?
6
What is the hundred millions digit of 559662562?
5
What is the ten thousands digit of 120121695?
2
What is the ten millions digit of 311549198?
1
What is the hundreds digit of 1147726288?
2
What is the millions digit of 1984022055?
4
What is the tens digit of 109866789?
8
What is the hundred thousands digit of 591201524?
2
What is the ten millions digit of 80320073?
8
What is the millions digit of 384033272?
4
What is the hundreds digit of 166501913?
9
What is the units digit of 1820269594?
4
What is the millions digit of 197715685?
7
What is the ten thousands digit of 5574963?
7
What is the tens digit of 606897292?
9
What is the ten millions digit of 17021008?
1
What is the hundreds digit of 32037170?
1
What is the thousands digit of 126292799?
2
What is the ten thousands digit of 1114125057?
2
What is the hundred thousands digit of 542859951?
8
What is the units digit of 11146805?
5
What is the millions digit of 31514500?
1
What is the hundred millions digit of 232065642?
2
What is the millions digit of 103440490?
3
What is the hundred millions digit of 3433901809?
4
What is the hundred thousands digit of 25525531?
5
What is the units digit of 50597108?
8
What is the hundred millions digit of 686952843?
6
What is the ten millions digit of 877766066?
7
What is the thousands digit of 35357358?
7
What is the hundred millions digit of 514516133?
5
What is the hundreds digit of 2286430085?
0
What is the ten thousands digit of 1629240326?
4
What is the hundreds digit of 9265818?
8
What is the tens digit of 712034960?
6
What is the tens digit of 840678326?
2
What is the thousands digit of 14211491?
1
What is the millions digit of 799211589?
9
What is the thousands digit of 14817222?
7
What is the hundred thousands digit of 66393894?
3
What is the millions digit of 995169463?
5
What is the units digit of 1555344079?
9
What is the tens digit of 352924782?
8
What is the hundred millions digit of 184859238?
1
What is the tens digit of 678777761?
6
What is the hundred thousands digit of 2170429188?
4
What is the hundred thousands digit of 1161739507?
7
What is the tens digit of 19884867?
6
What is the hundreds digit of 13170702?
7
What is the hundred thousands digit of 1401704494?
7
What is the billions digit of 1105595941?
1
What is the tens digit of 252559382?
8
What is the units digit of 17928932?
2
What is the ten thousands digit of 8942942193?
4
What is the hundred thousands digit of 159604337?
6
What is the ten millions digit of 362951400?
6
What is the units digit of 90068276?
6
What is the ten millions digit of 1103728212?
0
What is the millions digit of 1864123031?
4
What is the tens digit of 65572290?
9
What is the millions digit of 478327549?
8
What is the units digit of 3000297647?
7
What is the hundred thousands digit of 6807572726?
5
What is the units digit of 589471562?
2
What is the units digit of 228101909?
9
What is the tens digit of 1367483953?
5
What is the thousands digit of 22763729?
3
What is the millions digit of 71954889?
1
What is the tens digit of 2711235636?
3
What is the thousands digit of 524699336?
9
What is the hundred millions digit of 178163218?
1
What is the ten thousands digit of 2696892960?
9
What is the units digit of 41862695?
5
What is the ten thousands digit of 14293542?
9
What is the thousands digit of 50108929?
8
What is the hundred thousands digit of 1216760579?
7
What is the thousands digit of 95966040?
6
What is the ten thousands digit of 1286673984?
7
What is the ten millions digit of 2373569072?
7
What is the millions digit of 102852479?
2
What is the units digit of 1295073316?
6
What is the tens digit of 20904189?
8
What is the units digit of 13008749?
9
What is the billions digit of 6355805634?
6
What is the ten thousands digit of 5495945530?
4
What is the ten millions digit of 10658978?
1
What is the tens digit of 883179171?
7
What is the hundred thousands digit of 2515307822?
3
What is the hundred millions digit of 904648332?
9
What is the hundreds digit of 197709661?
6
What is the hundred millions digit of 206293496?
2
What is the millions digit of 200031438?
0
What is the hundred thousands digit of 92085513?
0
What is the ten thousands digit of 1822044005?
4
What is the hundreds digit of 6312487?
4
What is the tens digit of 162235595?
9
What is the millions digit of 747856261?
7
What is the units digit of 5180051313?
3
What is the hundred thousands digit of 995312919?
3
What is the hundred millions digit of 2586582493?
5
What is the hundred thousands digit of 94432120?
4
What is the units digit of 4023780809?
9
What is the thousands digit of 5188480110?
0
What is the tens digit of 198755014?
1
What is the hundreds digit of 22282299?
2
What is the tens digit of 6002607797?
9
What is the hundreds digit of 22905891?
8
What is the hundred millions digit of 249909498?
2
What is the tens digit of 237602850?
5
What is the hundred thousands digit of 1567116466?
1
What is the hundreds digit of 5490770620?
6
What is the units digit of 10773571?
1
What is the billions digit of 4960515690?
4
What is the hundred thousands digit of 2357057450?
0
What is the tens digit of 112855390?
9
What is the hundred thousands digit of 24622751?
6
What is the tens digit of 778550346?
4
What is the hundreds digit of 315425596?
5
What is the units digit of 157022181?
1
What is the hundred thousands digit of 229281200?
2
What is the millions digit of 11544837?
1
What is the units digit of 1953683979?
9
What is the units digit of 76094146?
6
What is the tens digit of 58097716?
1
What is the ten millions digit of 167765044?
6
What is the hundred thousands digit of 2090298859?
2
What is the thousands digit of 1705301277?
1
What is the thousands digit of 9049590?
9
What is the tens digit of 1617443044?
4
What is the thousands digit of 6197688?
7
What is the hundreds digit of 11238809?
8
What is the millions digit of 4069474993?
9
What is the thousands digit of 55998055?
8
What is the ten